highest common factor of 73 and x.
1
Suppose n + 3*f = 968, 6*n - 4908 = n + 2*f. What is the greatest common divisor of n and 20?
20
Suppose 50 = 5*n - 2*z, -18 - 8 = -3*n + 2*z. Suppose 12*j + 86 - 302 = 0. Calculate the greatest common divisor of j and n.
6
Suppose -q + 3*q - 32 = 0. Let y = q - 13. Suppose u + 196 = y*u. Calculate the greatest common divisor of 14 and u.
14
Let a(m) = m**2 + 38*m - 68. Let z be a(2). Suppose 0 = -n + 124 - 28. Calculate the highest common divisor of n and z.
12
Let h(j) = 45*j - 75. Let s be h(12). Calculate the greatest common factor of s and 279.
93
Let r be (253/(-22))/(-1*(-1)/(-2)). What is the greatest common divisor of 1 and r?
1
Suppose 1912 = -20*m + 6152. What is the greatest common divisor of m and 4?
4
Let m(q) = -q**2 + 4*q - 2 + 7*q**2 + 5. Let p be m(-3). Calculate the highest common divisor of 15 and p.
15
Let q be (-20)/(-4) + 13 + -2. Calculate the highest common divisor of q and 28.
4
Let l be 13 - (-20)/(-5) - -4. What is the highest common factor of 637 and l?
13
Let l be (-4 - -5)/((-4)/(-24)). Suppose -4*q - 2*v - 28 = -6*q, 0 = 2*v + 4. Calculate the highest common factor of l and q.
6
Let h be (-4 - 31)*(-1 + -1). What is the highest common divisor of 490 and h?
70
Let n(c) = 2*c + 4. Let p be n(0). Let m be (-52)/(-14) - (-2)/7. Suppose -5 = t - 4*q - 1, -m*q - 8 = -4*t. What is the greatest common divisor of t and p?
4
Let g be 4 - (4 + 4) - -169. Let f = 10 + -6. Suppose 0 = -f*d - 2*q + 256, 3*q - 54 = 3*d - 4*d. Calculate the highest common divisor of g and d.
33
Let t be -301*(-10)/(-105)*-18. Calculate the highest common factor of 12 and t.
12
Suppose 36*r - 63 = -27*r. Calculate the greatest common factor of 53 and r.
1
Let r(a) = 313*a - 217. Let k be r(7). What is the highest common factor of 42 and k?
42
Let g be (2 - 6 - -11 - -7)*86/4. Let v = 44 - 1. What is the highest common divisor of g and v?
43
Let j(v) = 17*v - 1. Let n be j(1). Let u(q) = q**2 - 6*q - 152. Let x be u(20). Calculate the highest common factor of n and x.
16
Let g be (1196/28 - -3) + 8/28. What is the greatest common divisor of g and 368?
46
Suppose -34*s + 832 = -18*s. What is the greatest common divisor of 234 and s?
26
Let h = -218 + 318. Let r be 2/(-6) - h/(-12). What is the greatest common divisor of r and 8?
8
Let n be 4/6 - (-708)/18. Suppose -4*s - 2*t = -n - 68, 0 = -5*s + 3*t + 146. Suppose -7*a = -2*a - 20. What is the highest common divisor of a and s?
4
Let c be (2 - 5)/((-1)/((-4)/(-6))). What is the highest common divisor of c and 1?
1
Suppose 0 = -4*i, 4*t + 8*i = 5*i + 256. Calculate the greatest common factor of t and 8.
8
Suppose -4*q + 9 + 31 = -4*j, -2*q = 0. Let x = j - -21. Calculate the highest common divisor of 88 and x.
11
Suppose -3*a - 1911 = -2055. What is the highest common factor of 32 and a?
16
Let t be (-1232)/(-63) + 16/36. Calculate the highest common divisor of 2 and t.
2
Let l = 101 - 104. Let o be (-3)/l*((-8)/(-1) - -2). What is the greatest common divisor of 40 and o?
10
Let t(h) = -h**3 - 13*h**2 - 15*h - 20. Let p be t(-12). Let l be 4/(p/6)*4. What is the highest common factor of 48 and l?
6
Let h(g) = -24*g + 303. Let t be h(10). What is the greatest common factor of 273 and t?
21
Let s = 80 - 44. Let j = -4 + s. Suppose -3*v + j = 4*i - 67, 3*i - 77 = -5*v. Calculate the highest common factor of 12 and i.
12
Suppose -20 = -4*n - n, 2*x + 188 = -n. Let m = -27 - x. Calculate the highest common factor of m and 23.
23
Let h be (33 - 2)/(-7 + 4 + 4). Calculate the highest common factor of h and 1674.
31
Suppose -5*c - 2*h = 0, 3*c - 2*h + 12 - 28 = 0. What is the greatest common divisor of c and 32?
2
Suppose 4*x - 373 = -3*l, -4*x = -9*l + 4*l - 349. What is the greatest common factor of x and 7?
7
Let m be 3/(-5)*-5*(5 - 2). Calculate the highest common factor of 5 and m.
1
Suppose 0*t = 5*t - 35. Let k be (t - 4)/((-3)/(-2)). Suppose 0 = -k*n - 2*c + 114, 4*n - c - 231 = -6*c. What is the greatest common divisor of n and 18?
18
Let j be -2 - (12 - -2)/(-1). Suppose -s + 1 = -5*a - 46, -4*s = 3*a + 19. Let n be (3 - (-51)/a)*(-45)/2. What is the greatest common factor of j and n?
12
Let v be 1/(5/(-5)) + 3. Let z = 0 + v. Calculate the greatest common factor of 4 and z.
2
Let f(a) = a + 13. Let p(y) = y**3 + 7*y**2 - 8. Let q be p(-7). Let w be f(q). Let s be (9/(-45))/((-1)/w). What is the highest common divisor of s and 4?
1
Let x = 507 + -377. Calculate the highest common factor of 30 and x.
10
Let a(p) = 2*p**2 - 8*p + 5. Let m be a(5). Suppose -8 = 2*l - 0*l - 4*i, 3*i - 8 = l. Suppose -6 = -l*x + 6. Calculate the greatest common divisor of m and x.
3
Suppose -9*y + y = -56. Suppose 5*l - 312 = -4*s, -9*l = -y*l - 3*s - 134. Calculate the highest common factor of 4 and l.
4
Let l(p) = 8*p**3 - 3*p**2 + 2. Let a be l(2). Suppose 3*i - 2*r = 22, 2*i = 132*r - 127*r + 22. Calculate the highest common factor of a and i.
6
Let c be (48/(0 + -4))/(3/4). Let f be (-196)/c - (14/(-8) + 2). What is the highest common divisor of 24 and f?
12
Let u(b) = b**2 - b - 1. Let g be u(2). Let p be (-530)/(-60) + g/6. Suppose a + t = 27 + p, -3*t = -6. What is the highest common divisor of 17 and a?
17
Let g = 45 - -45. Suppose 4*d + 2*d = g. Calculate the highest common divisor of 105 and d.
15
Let w be 7164/6 + 11 - (-6 + 1). What is the highest common factor of w and 22?
22
Let p = -1 + -7. Let w = p + 32. What is the greatest common factor of 16 and w?
8
Let w = 42 + -24. Let c be (8/(-3))/(124/(-1674)). What is the greatest common factor of c and w?
18
Let m = 4 - -3. Suppose -2*w + 21 - 17 = 0. Suppose -23 = -w*z + m. Calculate the greatest common factor of z and 165.
15
Suppose -4*r + 5*d + 43 + 39 = 0, -3*r + 52 = d. Calculate the greatest common divisor of r and 558.
18
Let l = -378 + 4200. What is the greatest common factor of l and 13?
13
Let p be (-8)/14 - 33176/(-91). Calculate the greatest common factor of 208 and p.
52
Let m(u) = 2*u**3 + 5*u + 3. Let g be m(4). Let o = g + -144. Calculate the greatest common factor of o and 28.
7
Suppose q = 260 - 209. Calculate the greatest common factor of q and 816.
51
Suppose -3*c = -3*v + 24, -2*v = 2*c + 2 - 34. Let h be (-7)/((-56)/v)*6. Calculate the greatest common factor of 99 and h.
9
Let m(s) = -7*s + 120. Let b be m(6). What is the greatest common factor of b and 52?
26
Let p be (0 - 54/3)/(-2). Suppose 1 = -4*f + p. Suppose 5*o = 2*b + b + 65, 0 = o - f*b - 6. Calculate the greatest common factor of 8 and o.
8
Suppose 0 = o - 2*o. Suppose 5*s - 135 = -o*s. Suppose 3*r + 3 = s. Calculate the greatest common divisor of 72 and r.
8
Let g = 325 - 127. Suppose g = -0*x + 9*x. Calculate the highest common divisor of 154 and x.
22
Let g(c) = 25*c + 233. Let w be g(-9). Let o(x) = x - 1. Let p be o(2). What is the highest common factor of p and w?
1
Let f(h) = 29*h - 11. Let v be f(9). Let b(x) = -3*x**2 - 5*x - 13. Let o be b(6). Let n = o + v. What is the highest common factor of n and 9?
9
Suppose -3*d + 12 = d, 0 = -5*r + 3*d + 71. Calculate the greatest common divisor of r and 4.
4
Let q = 1597 + -624. Calculate the greatest common factor of q and 7.
7
Let v be (16 - -1) + (-2 - 0). Let h be 0 + 3 - -49*20/140. Calculate the greatest common divisor of v and h.
5
Let g(y) = 7*y - 1. Let s be g(2). Suppose 5*l + 4*x - 715 = 0, -7*l + 715 = -2*l - x. Calculate the greatest common factor of l and s.
13
Let z = -31 + 67. Let f = 517 - 508. Calculate the highest common divisor of f and z.
9
Suppose -17 = -2*z - 2*p - 13, 0 = -2*z + 3*p + 29. Calculate the highest common divisor of 224 and z.
7
Let t(l) = -l**3 - 4*l**2 + 4*l + 3. Let f be t(-5). Let w = -68 - -15. Let y = -37 - w. What is the highest common divisor of f and y?
8
Let t(b) = b**3 - 4*b**2 + 11*b - 169. Let o be t(8). Let r be (1 - 6)/(2/(-28)). Calculate the highest common divisor of r and o.
35
Let y(n) = -n**3 - 6*n**2 + 7*n + 6. Let u be y(-7). Suppose f - 2*f + 58 = -4*b, -2*f + 5*b + 122 = 0. Calculate the greatest common factor of u and f.
6
Let q(g) be the second derivative of g**3/3 - 13*g**2/2 - 15*g. Let t be q(11). Calculate the greatest common factor of 63 and t.
9
Let f = -341 + 368. Calculate the highest common divisor of f and 54